{"id":863,"date":"2023-10-31T12:47:00","date_gmt":"2023-10-31T11:47:00","guid":{"rendered":"https:\/\/e-know.uj.edu.pl\/?page_id=863"},"modified":"2025-11-21T15:00:30","modified_gmt":"2025-11-21T14:00:30","slug":"dr-hab-marek-frankowicz","status":"publish","type":"page","link":"https:\/\/e-know.uj.edu.pl\/?page_id=863","title":{"rendered":"Danuta Sobolewska"},"content":{"rendered":"<div class=\"wp-block-image\">\n<figure class=\"aligncenter size-full\"><img fetchpriority=\"high\" decoding=\"async\" width=\"500\" height=\"320\" src=\"https:\/\/e-know.uj.edu.pl\/wp-content\/uploads\/2025\/11\/sobolewska.jpg\" alt=\"\" class=\"wp-image-1660\" srcset=\"https:\/\/e-know.uj.edu.pl\/wp-content\/uploads\/2025\/11\/sobolewska.jpg 500w, https:\/\/e-know.uj.edu.pl\/wp-content\/uploads\/2025\/11\/sobolewska-300x192.jpg 300w\" sizes=\"(max-width: 500px) 100vw, 500px\" \/><\/figure>\n<\/div>\n\n\n<h3 class=\"wp-block-heading has-text-align-center\">Uniwersytet Jagiello\u0144ski<\/h3>\n\n\n\n<p>Dr Danuta Sobolewska jest adiunktem w Katedrze Farmakognozji UJ CM. Zawodowo zajmuje si\u0119 farmakognozj\u0105, lekami pochodzenia naturalnego oraz fitokosmetologi\u0105. Uwielbia prowadzi\u0107 zaj\u0119cia dydaktyczne \u2013 ze studentami farmacji, kosmetologii oraz medycyny, a tak\u017ce doktorantami Szko\u0142y Doktorskiej Nauk Medycznych i Nauk o Zdrowiu, a przedmiotem jej bada\u0144 naukowych s\u0105 g\u0142\u00f3wnie ro\u015blinne zwi\u0105zki saponinowe i polifenolowe. Wsp\u00f3\u0142autorka podr\u0119cznika \u201eFitokosmetyki\u201d.\u00a0<\/p>\n","protected":false},"excerpt":{"rendered":"<p>Uniwersytet Jagiello\u0144ski Dr Danuta Sobolewska jest adiunktem w Katedrze Farmakognozji UJ CM. Zawodowo zajmuje si\u0119 farmakognozj\u0105, lekami pochodzenia naturalnego oraz fitokosmetologi\u0105. Uwielbia prowadzi\u0107 zaj\u0119cia dydaktyczne \u2013 ze studentami farmacji, kosmetologii&#8230;<\/p>\n","protected":false},"author":1,"featured_media":0,"parent":0,"menu_order":0,"comment_status":"closed","ping_status":"closed","template":"","meta":{"footnotes":""},"class_list":["post-863","page","type-page","status-publish","hentry"],"_links":{"self":[{"href":"https:\/\/e-know.uj.edu.pl\/index.php?rest_route=\/wp\/v2\/pages\/863","targetHints":{"allow":["GET"]}}],"collection":[{"href":"https:\/\/e-know.uj.edu.pl\/index.php?rest_route=\/wp\/v2\/pages"}],"about":[{"href":"https:\/\/e-know.uj.edu.pl\/index.php?rest_route=\/wp\/v2\/types\/page"}],"author":[{"embeddable":true,"href":"https:\/\/e-know.uj.edu.pl\/index.php?rest_route=\/wp\/v2\/users\/1"}],"replies":[{"embeddable":true,"href":"https:\/\/e-know.uj.edu.pl\/index.php?rest_route=%2Fwp%2Fv2%2Fcomments&post=863"}],"version-history":[{"count":2,"href":"https:\/\/e-know.uj.edu.pl\/index.php?rest_route=\/wp\/v2\/pages\/863\/revisions"}],"predecessor-version":[{"id":1661,"href":"https:\/\/e-know.uj.edu.pl\/index.php?rest_route=\/wp\/v2\/pages\/863\/revisions\/1661"}],"wp:attachment":[{"href":"https:\/\/e-know.uj.edu.pl\/index.php?rest_route=%2Fwp%2Fv2%2Fmedia&parent=863"}],"curies":[{"name":"wp","href":"https:\/\/api.w.org\/{rel}","templated":true}]}}